 = 420184. Is a a composite number?
False
Let y(l) = -l**2 + 33*l - 69. Let j = 93 - 93. Suppose g + 2*r - 36 = j, 3*g = -4*r + 130 - 32. Is y(g) composite?
False
Let l(x) = 10533*x - 3556. Is l(30) a composite number?
True
Suppose -4*a + 4 = 2*c, 4*c = 3*a + 1 + 7. Suppose a = 8*t - 0*t - 32. Let h(y) = 4*y**2 + 4*y - 9. Is h(t) a prime number?
True
Suppose 60*a - 1569618 - 576027 = 15*a. Is a a composite number?
False
Suppose -4831019 = -5*l - 4*n, 2*n + 779523 = l - 186664. Is l composite?
True
Let w(r) = 1181*r - 1981. Is w(72) prime?
False
Let a(q) = 22*q**2 + 9*q + 3. Let r(j) = j + 18. Let y be r(-11). Suppose -4*s - y = -v - 3, -3*v - 3*s = 18. Is a(v) composite?
True
Suppose -2*p + 7 = 3. Suppose -900 - 1522 = -p*o. Is o a composite number?
True
Suppose -5*x - 9*h + 6*h + 1328707 = 0, -4*h = -16. Is x a composite number?
False
Let z = 67 + -64. Suppose 0 = -3*k - 3*b + 54024, k + 2939 = -z*b + 20937. Is k prime?
True
Let c(t) = 26*t**2 - 13*t + 7. Let y(p) = p - 7. Suppose 46 = 4*l - 2*g, 9*l - 5*g = 4*l + 50. Let s be y(l). Is c(s) a prime number?
False
Suppose 4*u + 35 - 42 = -5*q, -5*u - 10 = 0. Suppose -q*g = -3*b + 33483, 4008 + 40624 = 4*b - g. Is b prime?
False
Suppose 27*f - 20*f = -112. Is ((-116924)/f)/((-3)/(-12)) a prime number?
True
Let y(b) = 5*b**2 + 13*b - 35. Let w = 64 - 64. Suppose 5*l = k - 62, 4*l + 5*k + 67 = -w*k. Is y(l) a composite number?
False
Suppose 6*k - 3636189 - 509325 = 0. Is k composite?
False
Let k = 701 + -1110. Let m = 683 + k. Let l = 423 - m. Is l prime?
True
Suppose 2*q = 6*q - 2*l - 164748, 4*q - 164754 = 5*l. Is q a composite number?
True
Let v = 69 - 59. Suppose -9 = -o - n, -v = -12*o + 7*o + 2*n. Suppose -3238 = -5*k - m, -o*m + 5*m - 2591 = -4*k. Is k composite?
False
Let i = -2 + 5. Suppose i*m = -m + 4*q + 76, 3*q - 97 = -4*m. Suppose -d - m = -149. Is d a prime number?
True
Let o(u) = 8*u - 106. Let f be o(13). Let c(j) = -1012*j + 29. Is c(f) composite?
False
Let d(g) = 108*g**2 - 45*g - 2957. Is d(-36) a prime number?
False
Let l(g) = 3*g**2 + 31*g + 34. Let f be l(-11). Suppose 1914 = 2*c + f. Is c prime?
True
Let v = -198 - -204. Is 6418/v - (-44)/(-66) a prime number?
True
Suppose 28*s + 28 = 32*s. Suppose -4*a + 6420 = -s*a. Is (-6)/(-1)*(a/(-8))/5 prime?
False
Suppose -9*l = -11*l + 8, 5*x + 2*l = 84793. Is x a composite number?
True
Let c = 196484 + -24997. Is c composite?
True
Suppose -7090969 = -146*i - 2171207. Is i a prime number?
False
Let m(t) = 668*t**2 + 34*t - 591. Is m(11) a composite number?
False
Let n(g) = g**2 + 8*g - 4. Let w be n(-9). Let y = -361 + 556. Suppose -w*p + y = -2*p. Is p prime?
False
Let f = 7 + -39. Let q = 36 + f. Suppose -q*d - 3*s = -2*d - 2257, -3*s = 5*d - 5656. Is d a prime number?
False
Is 252971/(-17 + (-1 - -11) - -8) composite?
False
Suppose 130*v = -153*v + 40*v + 156674007. Is v a prime number?
False
Suppose 74*f - 70*f = 3*m - 19851, m + 4*f = 6617. Is m composite?
True
Let k = -4404 + 20970. Suppose -913 = 11*b - k. Is b prime?
True
Let a be 30/9*(-9)/(-5)*626. Suppose 1370 - a = -2*o. Is o composite?
False
Suppose c + 69565 - 348032 = -4*k, -4*c - k = -1113913. Is c a prime number?
True
Let s(n) = 22*n**2 + 41*n - 29. Let o be s(-26). Suppose 14*l = o + 2197. Is l a composite number?
True
Let p be (-231)/15 - (-6)/(-10). Let w(q) = -q**3 - 12*q**2 + 18*q - 23. Is w(p) prime?
False
Let s = 2936 - 1712. Let y = s - 313. Is y prime?
True
Suppose -4*w - 2*t + 4038 = 0, 4*w - 4034 = 14*t - 12*t. Is w a composite number?
False
Let i = 91 + -84. Suppose z - f = i, -4*f = 5 + 11. Suppose -4*r - 4*k + 8856 = -16540, 3*k = z*r - 19071. Is r a composite number?
False
Suppose -4*x - 2458 = j + 2440, 3*x - 9752 = 2*j. Let r = 8099 + j. Suppose t - r - 660 = 0. Is t a prime number?
True
Suppose 0 = -31*y + 28698 + 4441. Is y composite?
False
Let g = -264 + 262. Is 5 + 10682/10 + g/10 prime?
False
Let d(o) = -3*o**2 - 28*o - 48. Let g be d(-20). Let w = -53 - g. Is w a prime number?
False
Let j = -211474 - -419511. Is j composite?
False
Let a be (-430)/3*3354/(-52). Suppose -11*c + 3073 = u - 16*c, 0 = 3*u - 2*c - a. Is u composite?
False
Suppose 91137 = 77*l - 60*l. Is (550/75)/(2/l) a prime number?
False
Let v(k) = k**3 - 10*k**2 + 15*k + 18. Let y be v(8). Suppose -42*g = -38*g + 2*a - 53064, 5*a = -y. Is g a prime number?
True
Let k(c) = 59841*c + 54. Let a be k(17). Suppose -283526 = 25*n - a. Is n composite?
True
Suppose -5*f = 4*t - 494773, 0 = 4*f - 4*t - 266608 - 129232. Is f a prime number?
False
Let z = -49060 - -110029. Is z prime?
False
Let t(z) = z**2 - 19*z + 96. Let j be t(14). Suppose -r + j*b + 3004 = 23*b, -4*r - b = -12055. Is r prime?
False
Let i = 11586 - -104237. Is i a prime number?
True
Suppose -109 = -5*z + 41. Suppose z*p - 48*p = -49482. Is p a composite number?
False
Let y = 45850 + 104437. Is y composite?
False
Suppose -5*c + 2*u + 6 = -2, 2*c - 2 = 2*u. Is 2 + ((-1476)/(-1) - 5 - c) a prime number?
True
Let k(v) be the second derivative of 61*v**4/12 - 7*v**3/6 + 4*v**2 + 10*v. Is k(-11) a prime number?
False
Let w(k) = -2*k**2 + 6*k + 23. Let h be w(5). Suppose h*o - 3454 = m, o - 1028 = 2*m + 125. Is o composite?
False
Suppose j = -1981 - 1265. Let w be -6702*(-18)/(-108)*(-1)/(-1). Let z = w - j. Is z a composite number?
False
Let d(a) = -a**3 + 6*a**2 - 7*a - 5. Let n(x) = -x + 17. Let t be n(7). Let w be d(t). Let g = -296 - w. Is g composite?
False
Suppose 26*z = 25*z. Suppose -2*b + 4 = z, -6*f + f + 5*b = -805. Suppose 16 = l - f. Is l prime?
True
Let t = -8 + -11. Is (t/(-38))/(3/20946) prime?
True
Let j(k) = k**3 - 17*k**2 + 17*k + 3. Let a be j(16). Let z(c) = 22 + 110*c - 48 + a. Is z(2) a prime number?
False
Let n(l) = 13*l - l**2 - 3*l**2 - l**3 - 14 + 1 - 6. Is n(-18) a composite number?
False
Suppose 54*j = 28126677 + 8347461. Is j prime?
False
Let o = 37 + -33. Suppose -m - 75 = o*m. Is (-16)/(-6) + -3 - 39740/m a composite number?
True
Suppose 2*g = -2 + 36. Suppose g*r - 30582 = 18021. Is r a prime number?
False
Let a be -6 - (-2 - -8)/(-1). Suppose 5*x - 5*w - 6685 = a, -2*x - 2*w + 2674 = -w. Is x a prime number?
False
Suppose -3*d = 4*u - 153413, 5*d + 20504 = -3*u + 276207. Is d a composite number?
True
Suppose 0 = -5*i + d + 16075, -3*i - 251 + 9924 = 5*d. Let k = i - 1567. Is k a prime number?
False
Let a(i) = -38673*i + 1111. Is a(-12) prime?
True
Let c(o) = o**2 + 2*o + 7. Let q be c(0). Suppose -2*h + q*h - 165 = 0. Let g = h + 26. Is g prime?
True
Let g(b) = 1762*b**2 + 46*b + 193. Is g(-4) a composite number?
False
Let r(q) = 2*q**3 - 6*q**2. Let d be r(3). Let b(o) = -2*o**2 - 9*o + 9871. Is b(d) composite?
False
Let b be 0 + (-2)/(-6) - 1060/30. Let f = b - -898. Is f composite?
False
Let o(b) = 2*b**2 - b + 1. Let l(h) = -54*h**3 - 2*h**2 - h. Let k be l(-1). Let s = -43 + k. Is o(s) a composite number?
False
Is 87786 - (23 - 10 - 20) a composite number?
False
Let o = 13 + -16. Let g be (-6)/o*(-3)/2. Let u = 580 - g. Is u a composite number?
True
Let t(d) be the third derivative of -d**6/120 + 13*d**5/30 + 7*d**4/6 - 31*d**3/2 - 14*d**2 + 2*d. Is t(22) prime?
True
Let k(d) = -13913*d**3 + 3*d**2 - 17*d - 33. Is k(-2) composite?
False
Suppose -d + h - 2*h + 3 = 0, -2 = -4*d - 2*h. Is (4856/5 + d)/((-52)/(-130)) a composite number?
False
Let r(y) = 4*y**2 + 9*y + 5. Let l be r(-4). Let q(h) = h**2 - 15*h + 41. Is q(l) a composite number?
True
Let j(p) = 147*p**2 + 60*p + 764. Is j(-19) prime?
True
Let q be (867*-1)/(3/8). Let k = q + 4029. Is k composite?
True
Let c = -59 + 57. Is c*9/12*(-424)/12 a prime number?
True
Suppose -584464 - 90234 = -2*c - 4*n, 0 = 3*c + 2*n - 1012015. Is c composite?
True
Let y = -1140 - -1143. Let c be 5130/(-12)*(-44)/6. Suppose c = 5*m - 3*r - 265, y*r = 15. Is m a prime number?
True
Let x be (2 - 1) + (-24)/(-8). Suppose 3*k - 15517 = -2*c, 0 = k - x*k + 3*c + 15507. Is k prime?
True
Suppose -t + 3*z + 58673 = -14436, 4 = z. Is t composite?
False
Suppose 3*a - 9 = 0, 3*s + 3*a = -0*s. Let u(n) = 124*n**2 - 4*n - 4. Let y be u(s). Suppose -y - 1273 = -3*i. Is i a prime number?
False
Let a = 175 + -170. Suppose -10460 = -a*p - 2*d - 455, -7997 = -4*p - 3*d. Is p composite?
False
Suppose 20*c - 656175 = 30565. Is c composite?
False
Let n(m) = 4592*m**2 